 4*t = -2*t + 35. Calculate the remainder when 24 is divided by r.
6
Let u(b) = 2*b - 4. Let r be u(4). Suppose -5*f = r - 14. Calculate the remainder when 4 is divided by f.
0
Let c(n) = n**3 + n**2 - 2*n + 16. Calculate the remainder when 26 is divided by c(0).
10
Let g be ((-1)/2)/((-2)/(-4)). Calculate the remainder when 24 is divided by 11 + (-6)/(-4 - g).
11
Let o = 43 - 30. What is the remainder when 35 is divided by o?
9
Calculate the remainder when (136/(-24) + 5)*201/(-2) is divided by 28.
11
Let h = 64 + -62. What is the remainder when 9 is divided by h?
1
Suppose -6*l = -11 - 13. Suppose 16 = l*f - 0. Calculate the remainder when 5 is divided by f.
1
Let v(p) = -2*p**2 - 15*p - 3. Let g be v(-7). Suppose g*q = -3*m + 62, 0*q - 5*m = -4*q + 46. What is the remainder when 40 is divided by q?
12
Let v = -31 - -68. Let j(x) = -x**2 - 6*x + 3. Let p be j(-6). What is the remainder when v is divided by (-123)/(-9) - 2/p?
11
Let u = -26 - -38. What is the remainder when 45 is divided by u?
9
Let a(s) = -s**2 + 6*s. Let b be a(5). Suppose -8 + 28 = b*j. Suppose j*l - 97 = -33. Calculate the remainder when 31 is divided by l.
15
Suppose 4 = 3*c + 4*u - 10, c + 4 = 3*u. Calculate the remainder when 5 is divided by c.
1
Let s(m) = -m**3 - 3*m**2 + m. Suppose 9 = -3*c - 3. What is the remainder when s(c) is divided by 7?
5
Let g = 7 - -11. What is the remainder when 2/7 + 1476/28 is divided by g?
17
Suppose 4*t = -4*x + 64, -76 = -x - 3*x + 2*t. Calculate the remainder when 66 is divided by x.
12
Let w be ((-6)/(-5))/((-8)/(-80)). Suppose -w - 4 = -2*l. What is the remainder when l is divided by 3?
2
Suppose -19 - 33 = -4*i. Calculate the remainder when i is divided by 5.
3
Let w(y) = y**2 + 3*y - 2. What is the remainder when 78 is divided by w(3)?
14
Let y be ((-11)/(-2))/((-1)/(-4)). Let j = y + -11. What is the remainder when 21 is divided by j?
10
Let a(r) = 13*r + 26. Calculate the remainder when a(6) is divided by 27.
23
Let s = 59 + -134. Let j = s - -107. Calculate the remainder when j is divided by 17.
15
Let k be 0/(-3*(-6)/(-9)). Let u = k + 5. Suppose 26 + 164 = u*d. Calculate the remainder when d is divided by 13.
12
Let n(h) = h**3 + 5*h**2 - 8*h + 2. Let c be (1*-2 - 0) + -4. Let g(o) = -o + 27. Calculate the remainder when g(0) is divided by n(c).
13
Let r(y) = 11*y - 2*y - y + 1. Calculate the remainder when r(2) is divided by 9.
8
Let m = -464 + 660. What is the remainder when m is divided by 33?
31
Let l be (-80)/(-50)*(-10)/(-4). Suppose -l*k - 20 = -56. Calculate the remainder when 26 is divided by k.
8
Suppose 3*l - 71 = -2*d, -4*d + 2*l + 3*l + 131 = 0. Calculate the remainder when d is divided by (-18)/5*10/(-3).
10
Suppose 3*x - 4*r = 85, -5*x - 4*r + 99 = -0*x. Calculate the remainder when x is divided by 6.
5
Let b = 28 + -17. Let u = -4 + b. What is the remainder when 27 is divided by u?
6
Let w be ((-30)/9)/(4/(-30)). Let l = w + -15. Suppose 0*y - l = -2*f - y, -4*f = -y - 32. Calculate the remainder when 19 is divided by f.
5
Let h be (-2)/(-9) + 244/36. Let o = -5 + h. What is the remainder when 11 is divided by ((-4)/2 - o)*-1?
3
Let q = 5 - 13. Let l(a) = -a + 41. Calculate the remainder when l(0) is divided by (2 - -33)*q/(-20).
13
Let a = 61 + -27. What is the remainder when 97 is divided by a?
29
Let s = -7 - 0. What is the remainder when (s/(-5) - 1)*55 is divided by 6?
4
What is the remainder when 57 is divided by 16/(-8) + (-44)/((-2)/1)?
17
Let r = -100 + 110. Suppose 3*u - 60 = -3*x, x = -4*x + u + 82. What is the remainder when x is divided by r?
7
Let v = 8 + 17. Calculate the remainder when v is divided by 13/2 + (-1)/(-2).
4
Let n(s) = 3*s - 13. Let z(l) = -1. Let t(w) = n(w) - 3*z(w). Calculate the remainder when t(9) is divided by 5.
2
Let d(c) = -7*c - 20. Calculate the remainder when 23 is divided by d(-4).
7
Let q(t) = t**3 + 11*t**2 - 13*t - 6. Calculate the remainder when 23 is divided by q(-12).
5
Let q(m) = -m**2 + 3. Let f be q(-3). Let x(v) = -v**3 - 6*v**2 - v - 4. Let u(l) = l**2 - 4*l - 2. Calculate the remainder when u(5) is divided by x(f).
1
Let k(u) = 6*u**2 + u + 4. Calculate the remainder when k(-3) is divided by (7 - 6)/(1/19).
17
Let a = 77 - 75. Calculate the remainder when a is divided by 2.
0
Let z(d) be the first derivative of -d**3/3 - 7*d**2/2 - 2*d + 2. Let y be z(-8). Let j = y - -20. What is the remainder when j is divided by 4?
2
Suppose 11*p - 26*p + 465 = 0. What is the remainder when p is divided by (2/(-4))/((-2)/68)?
14
Let v = -1 - 11. Suppose 0 = 2*s - 0*j + 3*j - 21, 4*s + 3*j = 33. Calculate the remainder when (-201)/v + (-3)/4 is divided by s.
4
Let l = 94 + 17. What is the remainder when l is divided by 14?
13
Let s = 7 - 8. Let d(n) = -n - 2. Let u be d(s). What is the remainder when 11 is divided by u + (-5)/(-1) - 1?
2
Suppose 0 = 5*o - 165 - 205. What is the remainder when o is divided by 39?
35
Suppose -6*i = -2*i - q - 29, -2*i = -3*q - 7. What is the remainder when i is divided by 8?
0
Suppose 5*n = -14 - 16. Let l(q) = -q**3 - 5*q**2 + 5*q - 2. What is the remainder when l(n) is divided by 2?
0
Suppose 64 + 0 = 4*f. Let q = 9 + -4. Suppose -z - 20 = -q*z, -4*g = 4*z - 208. What is the remainder when g is divided by f?
15
Calculate the remainder when 82 is divided by ((-1)/3)/((-6)/18) + 41.
40
Let x be (1 - 2/(-2)) + 3. Suppose -55 - 3 = -x*s + g, -s = 5*g + 4. Calculate the remainder when (40/(-24))/((-2)/24) is divided by s.
9
Let l = -6 - -4. Let h be (0 + -1)*l/(-1). Calculate the remainder when 19 is divided by h/(1 - (-18)/(-15)).
9
Let m(v) = 11*v. Suppose 0 = 5*i - 170. Let h = i - 15. What is the remainder when m(5) is divided by h?
17
Suppose -4*l + k = -2*k - 3, -4 = -2*l + 4*k. Let f(d) = -d**2 + 2. Suppose 4*w = 8 + 4. What is the remainder when w is divided by f(l)?
1
Calculate the remainder when 1*((-264)/(-6) - 1) is divided by 9.
7
Let f be (-4)/14 + 128/7. Let x be (-1)/3*f/(-3). Calculate the remainder when 5 is divided by (2 + -1)*4/x.
1
Let x = 3 - 2. Let y = 0 + x. What is the remainder when 2 is divided by y?
0
Suppose -5*l + 19 = -21. Suppose -1 + 67 = 3*a. What is the remainder when a is divided by l?
6
Let s = 0 + 41. Let x = 18 + -4. What is the remainder when s is divided by x?
13
Let g(c) = 2*c**2 + 10*c + 2. What is the remainder when g(-7) is divided by 11?
8
Suppose -2*p = -5*p. Suppose 3*q + q - 28 = p. Suppose 23 = s + 3. Calculate the remainder when s is divided by q.
6
Let r(b) = -b**3 - 5*b**2 + 3*b - 7. Let y(d) = -d**3 - 6*d**2 + 5*d + 6. What is the remainder when y(-7) is divided by r(-6)?
9
Suppose 5*g = 3*g + 36. Let z = g + -7. What is the remainder when z is divided by 7?
4
Suppose -2*h - 3 = 5*a - 8, -h = -4*a + 4. Suppose h = -2*b + r + 28, -4*b - 34 + 106 = 2*r. What is the remainder when 62 is divided by b?
14
Let l be (3/6)/(3/(-6)). Calculate the remainder when (l/2)/(14/(-476)) is divided by 6.
5
Let k(t) = 2*t**2 + 4*t - 7. Calculate the remainder when 35 is divided by k(-4).
8
Suppose 0 = r + 2*r - 9. Suppose -r*k + 49 = 10. What is the remainder when 24 is divided by k?
11
Calculate the remainder when 98 is divided by 21 - (-5 + 3 - -3*1).
18
Let m(r) = -r**2 - 2*r + 1. Let u(a) = -a**3. Let j = 0 - 1. What is the remainder when m(-2) is divided by u(j)?
0
Let q(p) = 4*p - 1. Let y = -7 + 5. Calculate the remainder when q(1) is divided by (4/y - -7) + -3.
1
Let t = 16 + 39. Let r = -32 + t. Let h(l) = 8*l - 3. Calculate the remainder when r is divided by h(2).
10
Let s(w) = w**2 + w. Let p be s(1). Calculate the remainder when 1 is divided by p/8 - 12/(-16).
0
Suppose 4*d + 6*c - 12 = c, -d + 20 = -3*c. What is the remainder when 13 is divided by d?
5
Suppose -4*w = 4*d - 172, 2*d + 2*d = -5*w + 177. Suppose -a + 0*a + 10 = 0. What is the remainder when d is divided by a?
8
Suppose -2*u = u - 12. Let p = u + -6. Let q = 11 + p. Calculate the remainder when 26 is divided by q.
8
Suppose -r - 110 - 118 = -5*c, 222 = 5*c + r. Suppose -5*v = -4*q - 111, -v + c = v - q. What is the remainder when v is divided by 6?
5
Suppose 0*m + 5 = n - 3*m, 4*n - 9 = m. Suppose -4*x + 48 = -5*p + n*p, 3*x - 3*p - 36 = 0. Let y = 19 + 15. What is the remainder when y is divided by x?
10
Let x = -14 - -21. Le